57 and 99.
9
Calculate the highest common divisor of 762971 and 311916.
1529
Calculate the greatest common factor of 417 and 200278567.
139
What is the greatest common factor of 122521 and 25438?
161
Calculate the greatest common divisor of 9072 and 22267728.
1008
Calculate the greatest common factor of 592280825 and 475.
475
Calculate the highest common factor of 129824108 and 2476.
2476
Calculate the greatest common factor of 1037991160 and 80.
40
What is the greatest common divisor of 4926 and 98457?
3
Calculate the greatest common factor of 3475 and 481357.
139
Calculate the highest common factor of 133507 and 5830.
583
Calculate the highest common factor of 6712 and 2344.
8
Calculate the greatest common divisor of 623 and 2966459.
89
Calculate the highest common factor of 1145968 and 106900.
4276
What is the highest common factor of 32800 and 89200?
400
What is the greatest common factor of 688114 and 456274?
322
Calculate the greatest common factor of 760 and 1032900.
20
Calculate the highest common factor of 8157319 and 1025.
41
Calculate the greatest common divisor of 2823019010 and 70.
70
What is the greatest common divisor of 8846279 and 1490?
149
What is the greatest common factor of 73173964 and 5786?
526
What is the highest common factor of 322068170 and 20?
10
What is the greatest common divisor of 6378 and 13074?
6
What is the highest common factor of 8277290 and 280?
70
Calculate the greatest common divisor of 13526882 and 658.
94
What is the highest common factor of 23 and 1267507?
23
Calculate the greatest common divisor of 1443 and 22287603.
39
What is the highest common factor of 1159541360 and 2480?
2480
Calculate the highest common factor of 150 and 39470.
10
Calculate the greatest common factor of 7992005 and 35.
35
Calculate the greatest common factor of 1430 and 255840.
130
What is the highest common divisor of 2018393 and 98124?
221
Calculate the greatest common factor of 12792654 and 301.
7
Calculate the highest common divisor of 37758912 and 768.
192
What is the greatest common factor of 1623 and 16490762?
541
Calculate the greatest common divisor of 2226 and 6094578.
42
What is the greatest common divisor of 255543006 and 3228?
1614
Calculate the highest common divisor of 113395466 and 24445.
4889
Calculate the greatest common factor of 268548822 and 18.
18
What is the highest common divisor of 26544532 and 252?
28
What is the highest common factor of 852 and 90028852?
284
What is the highest common factor of 1920757 and 1711?
29
What is the greatest common factor of 315937514 and 1639?
149
Calculate the greatest common divisor of 5360 and 803464.
536
Calculate the highest common factor of 70884318 and 2930.
586
What is the highest common factor of 72 and 3560958?
18
What is the greatest common divisor of 106141 and 96642?
413
Calculate the highest common factor of 56933 and 422171.
197
Calculate the greatest common factor of 12917142 and 14322.
1302
What is the greatest common factor of 40 and 736878440?
40
What is the highest common factor of 104710 and 936730?
2830
What is the highest common factor of 363757536 and 288?
288
What is the highest common factor of 3244763 and 38?
19
What is the highest common factor of 17027821 and 1837?
167
Calculate the highest common factor of 9388 and 154970063.
2347
What is the highest common factor of 290 and 121742?
58
What is the highest common factor of 44263653 and 1498?
749
Calculate the highest common divisor of 6555518 and 1946.
278
What is the highest common divisor of 8372385 and 10584?
441
Calculate the highest common divisor of 119153423 and 1556.
389
Calculate the greatest common factor of 18157 and 83549.
67
Calculate the highest common divisor of 62717777 and 17.
17
What is the highest common factor of 26311 and 38595?
83
What is the highest common divisor of 7808 and 23083132?
244
Calculate the highest common divisor of 8691813 and 351.
351
What is the greatest common factor of 7062181 and 56?
7
Calculate the highest common factor of 11432176 and 24.
8
What is the greatest common factor of 159810 and 2280?
30
What is the greatest common factor of 154 and 1012594?
22
Calculate the greatest common factor of 6994 and 1410110.
26
What is the greatest common factor of 838 and 204235684?
838
Calculate the highest common divisor of 106446265 and 95.
95
Calculate the highest common divisor of 49 and 35353.
1
Calculate the highest common factor of 216889235 and 1730.
865
Calculate the highest common divisor of 367952 and 43472.
208
Calculate the greatest common divisor of 8619113 and 3811.
37
What is the greatest common factor of 8452213 and 2233?
77
Calculate the greatest common factor of 123968 and 3453671.
1937
What is the greatest common factor of 92 and 5378008?
4
What is the greatest common divisor of 33789661 and 15452?
3863
Calculate the highest common factor of 2854 and 250397117.
1427
What is the greatest common divisor of 2021608 and 2696?
8
Calculate the highest common factor of 49877967 and 17319.
753
Calculate the highest common divisor of 32130 and 1047200.
1190
What is the highest common factor of 6358404 and 156?
156
What is the greatest common factor of 4123 and 9865541?
133
Calculate the greatest common divisor of 10691879 and 396.
11
What is the highest common divisor of 270 and 7268022?
54
Calculate the greatest common factor of 426279258 and 18.
18
What is the highest common factor of 74644110 and 62730?
1530
What is the highest common divisor of 16281369 and 4995?
333
Calculate the greatest common divisor of 83416560 and 960.
240
Calculate the greatest common divisor of 14 and 35253834.
14
What is the greatest common factor of 83736 and 9144?
72
What is the greatest common factor of 1022 and 1025458?
14
Calculate the greatest common divisor of 5750 and 3532846.
46
What is the highest common divisor of 25398 and 10506?
102
Calculate the highest common divisor of 1605 and 3139915.
535
What is the greatest common factor of 1910904780 and 60?
60
Calculate the highest common factor of 55530 and 770850.
90
Calculate the highest common factor of 62122657 and 71.
71
Calculate the greatest common divisor of 30087644 and 20.
4
What is the greatest common divisor of 405 and 84912030?
135
What is the greatest common factor of 5374 and 61615597?
2687
What is the highest common factor of 1497648 and 4592?
656
What is the highest common factor of 540094 and 2324954?
2318
What is the highest common factor of 11130 and 1886010?
210
Calculate the highest common divisor of 1486 and 34006367.
743
What is the greatest common factor of 2013 and 14190918?
183
What is the greatest common divisor of 21 and 570787?
7
Calculate the greatest common factor of 937024 and 8000.
64
What is the highest common factor of 85734694 and 2?
2
Calculate the highest common divisor of 54203308 and 2669.
157
What is the greatest common factor of 21663 and 16552939?
2407
What is the highest common divisor of 8178248 and 184?
184
Calculate the highest common divisor of 155 and 90787.
1
Calculate the greatest common divisor of 12 and 14270800.
4
What is the greatest common divisor of 340 and 9029108?
68
Calculate the highest common divisor of 546 and 209957566.
182
What is the greatest common factor of 2707 and 56457192?
2707
What is the highest common divisor of 80 and 295985?
5
Calculate the greatest common divisor of 93342 and 27918.
282
What is the highest common divisor of 322267169 and 406?
203
Calculate the highest common divisor of 165097422 and 19.
19
What is the highest common divisor of 505909486 and 106?
106
Calculate the highest common divisor of 13118281 and 22.
11
What is the highest common divisor of 48082944 and 3136?
448
Calculate the highest common divisor of 36869 and 3573316.
229
What is the greatest common factor of 241338 and 1443867?
4161
Calculate the highest common factor of 92316 and 29400.
588
Calculate the greatest common factor of 3536 and 15257216.
208
What is the highest common divisor of 23095303 and 6447?
2149
What is the highest common factor of 448 and 177501856?
224
What is the greatest common factor of 276262 and 14224674?
5638
What is the greatest common factor of 27590526 and 8210?
1642
What is the greatest common divisor of 898931 and 17253?
71
Cal